+ o. List the prime factors of y.
5, 7
Let l = 341 - 369. List the prime factors of 790/20 - (l/8)/(-7).
3, 13
Suppose -3*m - 8 = -11. Let a be (2 + 1 + 2)*m. Suppose -3*x + 2*l = -a*x + 32, -4*x - 3*l + 68 = 0. What are the prime factors of x?
2, 5
Suppose -119 + 102 = -17*m. What are the prime factors of -127*m*(-6)/((-18)/(-3))?
127
Let s(m) = m**2 - 17*m - 40. Let j be s(19). Let v be (1036/8)/(j/(-4)). Suppose -55 - v = -2*f. What are the prime factors of f?
157
Suppose 9*n = n - 792. Let s = n + 293. List the prime factors of s.
2, 97
What are the prime factors of ((-4446)/(-855))/(4/20170)?
13, 2017
Let m be 12/(-28) - (-17314)/154. Let k be (-712)/(-7) - (-4)/14. Let a = m + k. What are the prime factors of a?
2, 107
Suppose -13*w + 414 = 115. Let m(k) = -1 + 11*k**2 - k + 3*k + w*k**2 + 5*k**2. What are the prime factors of m(-2)?
151
Suppose 4*j = -4*f + 24, 4*j + 2 - 5 = 3*f. Suppose 0 = -3*k - f*g - 33, 4*k - 3*g + 4 = g. List the prime factors of 6/9 + (-374)/k.
3, 7
Let x(y) be the third derivative of 17/6*y**3 + 0 + 3*y**2 + 7/12*y**4 + 0*y. What are the prime factors of x(13)?
199
Suppose 4*r + 4*y - 66 = 16574, 4*r + 5*y = 16638. List the prime factors of r.
2, 2081
Let r(u) = u + 25. Suppose 5*h - 10*h = 15. Let i be (-8)/h*(-5)/20*33. What are the prime factors of r(i)?
3
Suppose -114387 = -3*p - 3*i, -4*p - i + 136772 + 15732 = 0. List the prime factors of p.
5, 61
Let g = -705 + 1060. Suppose 13*j + 4 - g = 0. Suppose -2*l + 37 + j = 3*w, -l = 4. What are the prime factors of w?
2, 3
Suppose -g - z = -1576 - 3074, 18585 = 4*g - z. List the prime factors of g.
3, 1549
Suppose -6 = -2*k - 36. Let h = 362 - k. Let p = h + -145. List the prime factors of p.
2, 29
Let y(m) = 609*m + 3293. List the prime factors of y(35).
2, 769
Let h = -10803 + 18564. What are the prime factors of h?
3, 13, 199
Let t = -2678 - -3055. List the prime factors of t.
13, 29
Let w(x) = -220*x - 4*x**3 + 8*x**2 + 214*x + 10 + 3*x**3. Let t be w(7). Suppose 12*m - t*m = -390. What are the prime factors of m?
2, 3, 13
Let d(j) = -1 - 2*j + j**3 + 1 - 1 + 2. Let h be d(1). Suppose -4*v + 3*o + 535 = h, -2*v + 3*o + 335 = 66. What are the prime factors of v?
7, 19
Suppose 3*h = 4*j - 5*j + 6358, -2*h - j = -4237. Suppose t + h = 8*t. List the prime factors of t.
3, 101
Suppose 165*m - 261193 - 217657 = 78850. List the prime factors of m.
2, 5, 13
Suppose -9826 = -43*q + 42*q - 4*k, 5*q = -2*k + 49238. List the prime factors of q.
2, 5, 197
Let w(g) = -g**2 - 15*g + 14. Suppose 12*y = -5*m + 7*y - 25, 4*m = 2*y - 32. List the prime factors of w(m).
2, 5, 7
Let t(k) = k**3 - 5*k**2 + 4*k + 3. Let m be t(4). Let y be (-2)/m*(-12)/2. Suppose 4*a - 144 = y*f, -152 = -0*a - 4*a - 4*f. List the prime factors of a.
37
Let c(k) = -5*k**2 + 22*k + 25. Let m be c(16). Let v = m + 1426. Let z = v + -278. What are the prime factors of z?
5, 7
Suppose -5*r = 3*l - 13667, 0 = -5*r + 46 - 56. What are the prime factors of l?
47, 97
Let t be 5 + (20 - 11)/(-3). Let r = 224 - 150. Suppose t*y - r = 242. What are the prime factors of y?
2, 79
What are the prime factors of -16*(240/608 + 2/19)*-1817?
2, 23, 79
Suppose 3*z + 2*j - 2551 = 4828, z + 4*j - 2443 = 0. What are the prime factors of z?
3, 821
Suppose 3*y - b - 10652 = 0, -10*b = 2*y - 9*b - 7098. List the prime factors of y.
2, 5, 71
Let b = 111 + -106. Suppose 0 = -w + 2*w + 3*y - 125, 571 = b*w - 3*y. What are the prime factors of w?
2, 29
Let w(n) = 32*n + 27. Let f = 151 - 77. Let i = f - 68. List the prime factors of w(i).
3, 73
Suppose 0 = 2*l - 5*r + 478, 3*l + l = 3*r - 984. Let f = 440 + l. Suppose 0 = -5*m + f + 239. What are the prime factors of m?
2, 43
Suppose 21 = 9*g - 2*g. Suppose -g*d = -6*d. Suppose 2*q - 2 = d, -2*t - 3*t + 4*q + 641 = 0. What are the prime factors of t?
3, 43
Let j(q) = -5*q**3 + 7*q**2 - 18*q - 30. What are the prime factors of j(-13)?
2, 3, 1031
Let q(i) = 3*i**2 + 11*i - 5. Let t be q(-5). Suppose -6*g = -t*g + 1935. What are the prime factors of g?
5, 43
Let l(n) = n**2 - 19*n + 11. Suppose 6*v + 20 = -58. Let a = 6 - v. List the prime factors of l(a).
11
Let z = -68 + 73. Let t(j) = j**2 - 3*j + 1. Let q be t(z). Suppose q = 3*x - 1. List the prime factors of x.
2
Suppose -751 - 1162 = -a. Let p = a + -2709. What are the prime factors of (6*1)/(p/(-112) + -7)?
2, 7
Let i = -20500 - -38406. List the prime factors of i.
2, 7, 1279
Let f(d) = 4*d**2 - 11*d + 109. Suppose 4*x - 5*l - 50 = 0, 4*x + 6*l - 2*l = 68. What are the prime factors of f(x)?
2, 211
Let h be 2/10 + (-13376)/(-320). What are the prime factors of (119420/h)/(-10)*-1*3?
853
What are the prime factors of (-120)/(-96)*(8357 + 3)?
2, 5, 11, 19
Suppose 4*d - 2*d = 9*d. Suppose d = -4*v + v + 981. What are the prime factors of v?
3, 109
Let g(z) be the second derivative of -17*z**2 - 4*z**3 - 2*z**3 - 16 + 7*z**3 + z + 0*z**3. What are the prime factors of g(8)?
2, 7
Suppose -84 = -4*d - 4*j, -3*j = -4*d + 2 + 117. Suppose 0 = -28*i + d*i + 190. Let h = i - 33. List the prime factors of h.
2, 31
Suppose 431338 + 2415826 = 301*z + 119502. List the prime factors of z.
2, 23, 197
Suppose k - 5 = 0, -2*w = k - 2 + 1. Let n(s) be the third derivative of -7*s**4/24 - 5*s**3/6 - s**2. What are the prime factors of n(w)?
3
Suppose -2*i + 4*x + 43 = 1113, 2*x = -4*i - 2090. Let v = -314 - i. What are the prime factors of v?
211
Let p = 440 + -137. Let v = -89 + p. Suppose y + 2*f - 101 = -2*f, -2*y + v = 5*f. What are the prime factors of y?
3, 13
Suppose 17 - 5 = 6*v. Suppose -453 = -v*b + 501. Suppose -6*l = -b + 51. What are the prime factors of l?
71
Let x(t) = t**3 - 23*t**2 + 27*t - 60. Let l be x(22). Suppose -3*f - m - 3*m + l = 0, 4*f - 62 = -3*m. What are the prime factors of f?
2, 7
Suppose -135 + 510 = -15*t. Let w(p) = p**2 + 27*p + 77. What are the prime factors of w(t)?
3
List the prime factors of 36/(-14)*(-6 - (-12060)/(-27)).
2, 3, 97
Suppose 37 = -2*o + x, -3*x + 0 + 15 = 0. List the prime factors of (-4)/(-1) - 4/(o/1148).
3, 97
Let w = 40654 - 20180. List the prime factors of w.
2, 29, 353
Suppose 0 = -2*r + 4*r - t - 25, 2*r = -3*t + 5. Suppose -6*s = -4*s - r. Suppose -o = -s*o + 3*h + 721, o - 163 = -5*h. List the prime factors of o.
2, 89
Let j = 2206 + 637. What are the prime factors of j?
2843
What are the prime factors of 4/22 - 8762278/(-1166)?
3, 5, 167
Let x(v) = -11*v**3 + v**2 + 4*v - 3. Let a be x(2). Let p = 83 + a. Suppose -p*u + 508 = 52. What are the prime factors of u?
2, 3, 19
Let f(a) be the third derivative of a**6/24 - a**5/10 + 7*a**4/24 + a**3/6 + 2*a**2. Suppose -21*g + 16*g = -15. List the prime factors of f(g).
103
Let s = 21260 - 9441. What are the prime factors of s?
53, 223
Let o = -7169 + 17687. List the prime factors of o.
2, 3, 1753
Suppose -c - m + 4 = -3*m, -m - 11 = 4*c. Let q be (-4)/10*(-20)/c. What are the prime factors of (-9 + 4 + -241)/(6/q)?
2, 41
Suppose -4*u - 4*k + 62768 = 19404, -54198 = -5*u + 2*k. List the prime factors of u.
2, 5, 271
Let l be (-2 - 3) + (4 - -4). Suppose -3*g + 206 = l*b - 175, 5*b = g - 151. What are the prime factors of g?
131
Suppose -947 = -3*t + 2*d - 266, 9 = -3*d. Let x = t - 80. Suppose 4*i - 151 = x. List the prime factors of i.
2, 37
Let x be ((-3480)/(-7))/((-15)/(-210)). Suppose -x = -12*u - 8*u. What are the prime factors of u?
2, 3, 29
Let w(z) = 3*z + 22*z**2 - 5*z - 5 - 12*z**2 + 2*z**3 - 13*z**2. Let r be w(3). Suppose -5*l = r - 76. List the prime factors of l.
2, 3
Suppose -l = v - 2, -3*v + 4*l - 3*l + 14 = 0. Let w be 14 + v - (-4 - -1). What are the prime factors of (98/w)/((-1)/(-30))?
2, 5, 7
Let s(k) = k**3 + 9*k**2 + 3*k - 12. Let b be s(-8). Let h be 4 + (-108)/b + 54/14. List the prime factors of 2 - ((-10788)/44 - h/(-22)).
13, 19
Let w(h) be the second derivative of h**4/6 + 2*h**3/3 + 17*h**2/2 + 6509*h. Let k be 0/(-1) + 6 + 2. What are the prime factors of w(k)?
3, 59
Let i be (-2 + 7)*(-261)/(-15). Let t = i + -67. List the prime factors of (8/10)/(t/2650).
2, 53
Let p(f) = f**3 - f**2 - 2*f + 3. Let y be p(0). Suppose c = -2*i + 176, -y*c + 538 = -2*i + 34. Let w = 280 - c. List the prime factors of w.
2, 5, 11
Let w(u) = 138*u - 13. Let v(k) = k. Let a(p) = 4*v(p) + 2*w(p). Let t(c) = -56*c + 5.